y o.
20
Let d = 1104 - 1102. What is the remainder when 5 is divided by d?
1
Let o(c) = 2*c**2 - 38*c + 71. Calculate the remainder when o(19) is divided by 24.
23
Let w = -208 - -269. What is the remainder when 65 is divided by w?
4
Suppose -95 = -4*t - 3*d, 2*t + 25 = 2*d + 55. Calculate the remainder when 56 is divided by t.
16
Let x(s) be the second derivative of s**4/12 + s**3/2 + 11*s**2/2 + 11*s. Calculate the remainder when x(-9) is divided by 11.
10
Let o = -14 + 16. Suppose 0 = 4*s - 0*w - w + 7, 0 = -3*s - w. Let k = s + 3. Calculate the remainder when k is divided by o.
0
Let t be (-16)/(-7) + 14/(-49). Let u(p) = 3*p**2 - 3*p + 9. Calculate the remainder when 42 is divided by u(t).
12
Suppose 2*n - 8 = 4. Let r be (-20)/(-2) - (-8)/8. Let z = 4 + r. Calculate the remainder when z is divided by n.
3
Let k(v) = -29*v + 9. Let o be k(3). Calculate the remainder when o/(12/8*-1) is divided by 11.
8
Suppose -64*h + 65*h = 11. Let j(a) = 2*a**2 - 9*a + 15. Suppose -4*c + 200 = -2*u + 78, c + 3*u = 41. Calculate the remainder when j(h) is divided by c.
30
Suppose 3*a - 3*t + 0*t - 12 = 0, 3*t + 11 = 2*a. Let z = 5 - a. What is the remainder when ((-56)/(-4)*2/4)/1 is divided by z?
3
Let s = 157 - -115. Suppose 2*b + 55 = 5*v + 72, -2*b = 5*v - 67. What is the remainder when s is divided by b?
20
Let y(t) = -226*t + 210. Calculate the remainder when y(-4) is divided by 31.
29
Let x = -302 - -171. Let l = -95 - x. What is the remainder when l is divided by 23?
13
Let w be (-1)/(4/(-16)) + 1. Suppose -3*r = -2*r - w*m - 2, -r - m + 8 = 0. Suppose 5*z - r*z = -22. Calculate the remainder when 20 is divided by z.
9
What is the remainder when 44 is divided by 20 + 0 + (-1 - 15/(-3))?
20
Suppose -7 = -z + 4. Suppose -15 = -k - t + 6*t, t + z = k. Calculate the remainder when k is divided by 3.
1
Suppose -3*b - 45 = -3*x, 15 = x + 6*b - 4*b. Let j(m) = -m**2 - 9*m - 14. Let n be j(-4). Calculate the remainder when (14/n)/((-7)/(-168)) is divided by x.
11
Let o(w) = w - 1. Let r be o(5). Suppose 0 = 3*k - 2*g - 219, -2*k - 135 = -r*k + 5*g. Let j = -2 + 21. Calculate the remainder when k is divided by j.
18
Let t be (-3)/(-6)*(-2 + -6). Suppose -5*d + d = -76. Calculate the remainder when (24/9)/(t/(-54)) is divided by d.
17
Let q be (-4)/(-22) - (-20)/11. Suppose q + 44 = 2*o. Calculate the remainder when 45 is divided by o.
22
Suppose 11*m = 44*m - 1716. What is the remainder when 665 is divided by m?
41
Suppose 25 = 5*o - 115. Let g(n) = -n**3 - 2*n**2 - 5*n + 8. Calculate the remainder when g(-5) is divided by o.
24
Calculate the remainder when (-18)/(-4)*2/12*116 is divided by 6.
3
Let g(k) = k**2 + 6*k - 2. Suppose 9 - 2 = -b - 5*f, -2*b - 4*f = -16. Let y = b - 27. What is the remainder when 47 is divided by g(y)?
22
Let t(k) = 5*k - 68. Calculate the remainder when 80 is divided by t(17).
12
Suppose 2*j - 5*m - 8 - 12 = 0, j + 2*m = -8. Suppose j*t = -4*t + 3*v + 41, 0 = -3*t + v + 27. Calculate the remainder when 13 is divided by t.
5
Let c(n) be the third derivative of 2*n**4/3 + 13*n**3/2 - 25*n**2. Calculate the remainder when c(8) is divided by 12.
11
Suppose 17 - 2525 = -33*n. Calculate the remainder when n is divided by 30.
16
Let v = -49 - -223. Let r = -114 + v. Calculate the remainder when r is divided by 31.
29
Let u(g) = 21*g**3 + 5*g**2 - 5*g + 1. What is the remainder when 461 is divided by u(1)?
21
Let z(n) = -3*n**2 + 8*n + 2. Let a be z(6). Let v = a + 73. Calculate the remainder when v is divided by 4.
3
Let n = -6 - -11. Let d = -129 + 127. Let o = n - d. Calculate the remainder when o is divided by 2.
1
Let f be 46/115 - (-6)/10. Let z(v) = 216*v - 3. What is the remainder when z(f) is divided by 27?
24
Let g(y) = y**3 - 18*y**2 + 4*y - 20. Let c be g(18). Let o = c - 48. Calculate the remainder when 4 is divided by o.
0
Suppose 8*k - 312 = 3*k + q, 3*q - 242 = -4*k. Suppose 5*d + 0 = -25, -4*i = -2*d - k. What is the remainder when i is divided by 3?
1
Let k(v) = 2*v**3 + 27*v**2 + 32*v + 4. Calculate the remainder when 141 is divided by k(-12).
37
Let h = -514 + 575. Calculate the remainder when h is divided by 26.
9
Let u(r) = 6*r - 6. Let g be u(7). Suppose 0 = 3*w + 6 - g. Calculate the remainder when 13 is divided by w.
3
Let x be 6/(-4) + (-9)/6. Let p be ((-15)/(-10))/(x/(-6)). Suppose -p*o = -52 + 7. What is the remainder when 29 is divided by o?
14
Let c(p) = -p**2 - 9*p + 626. Calculate the remainder when c(0) is divided by 37.
34
Suppose -2*g = o - 0*g + 2, 0 = -4*o - 4*g. Suppose -35 + 0 = -5*j. What is the remainder when (2/(-2))/(o/(-54)) is divided by j?
6
Suppose -2*p = -3*d + 10, -4*d - 2 + 17 = -3*p. Suppose 2*b - 3*f = -d*b + 41, -f = 3*b - 45. What is the remainder when 61 is divided by (b/6)/((-1)/(-6))?
13
Calculate the remainder when 60 is divided by 1/(-5) - (112/(-5))/2.
5
Let f = 113 + -96. What is the remainder when 36 is divided by f?
2
What is the remainder when (2 + -170)*(-3)/((-18)/(-4)) is divided by 20?
12
What is the remainder when (-170790)/(-195) - (-8)/52 is divided by 110?
106
Let c be 24/(-40) - 146/(-10). Let p = 28 - c. Calculate the remainder when 39 is divided by p.
11
Suppose 3*n + n + 12 = 0, 3*n = -3*q - 9. What is the remainder when 48 is divided by (1 + q)/(17/289)?
14
Let k(s) = 8*s**2 + 3. Let z be k(-3). Suppose 4*m - 125 = z. Calculate the remainder when m is divided by 13.
11
Suppose 4*i + v = -150, v = -4 + 2. Let p = -12 - i. Let c = -1583 - -1596. What is the remainder when p is divided by c?
12
Let v = 1942 + -1926. Calculate the remainder when 1199 is divided by v.
15
Suppose 4*m - 16 = -2*k, k - 2*m + 30 - 58 = 0. Calculate the remainder when (4 + 2)*(-203)/(-14) is divided by k.
15
Let v = -5 + 4. Let i(f) be the third derivative of 3*f**5/20 + f**4/24 - 3*f**2. Calculate the remainder when 14 is divided by i(v).
6
Suppose 0 = 75*l - 1326 - 2199. What is the remainder when 100 is divided by l?
6
Let i = 279 - 189. Suppose 12*u - 18*u + i = 0. Calculate the remainder when 55 is divided by u.
10
Let q(o) = -o**3 + 24*o**2 - 44*o + 66. What is the remainder when 88 is divided by q(22)?
22
Let c = 14 + 38. Calculate the remainder when 72 is divided by 910/c - 6/(-4).
15
What is the remainder when ((-18)/(-12))/(12/26)*20 is divided by 33?
32
Suppose 30*q - 28*q = 4, 2*q - 20 = -4*c. Let x(v) = 1 - 6 - 4*v + 6*v**2 + 0 - v**3. Calculate the remainder when 28 is divided by x(c).
6
Let m = -1842 + 1911. What is the remainder when 254 is divided by m?
47
Suppose -181*v = -172*v - 522. What is the remainder when 343 is divided by v?
53
Let h(v) = -v - 1 + 8 + 9*v. Let n be h(3). Let a = n - 12. Calculate the remainder when 55 is divided by a.
17
Suppose l - 5*v - 10 = 12, 0 = -v - 4. Suppose 2*x = -4*h + 184, 3*x + 12 = 5*h - 218. Calculate the remainder when h is divided by (0 - l - -24) + 2.
22
Let z = 9 + 4. What is the remainder when -11 + 11/((-110)/(-600)) is divided by z?
10
Suppose -23*d + 2675 = 2*d. Calculate the remainder when d is divided by 11.
8
Let b = 39 + -49. Let i = -8 - b. What is the remainder when 12 is divided by i?
0
Let l = -618 + 692. Calculate the remainder when l is divided by 28.
18
Suppose -3*q = 5*m - 185, 0 = -3*q + q - 10. What is the remainder when 357 is divided by m?
37
Let h = -21 + 18. Let m = h + 10. What is the remainder when 16 is divided by m?
2
Let q(x) = x**3 - 61*x**2 + 51*x + 688. Calculate the remainder when q(60) is divided by 8.
4
Suppose 69 = 4*i + z - 226, 2*i - 149 = z. Suppose -6*p + 234 = -3*j, 9 - 48 = -p - 2*j. What is the remainder when i is divided by p?
35
Let s = 1889 + -1827. Calculate the remainder when s is divided by 12.
2
Suppose 2*b = -i + 30, -5*b + 2 = i - 40. Let c(y) = 3*y + 1. What is the remainder when i is divided by c(2)?
1
Let d be (-12)/18 + ((-2)/(-3))/(-2). What is the remainder when 48 is divided by d*2*(-4 - (-14)/(-4))?
3
Let j be 1*(-9 - -2)*-1. Let b(g) = -g**2 + 8*g - 9. Let k(w) = w**2 - 8*w + 9. Let c(o) = j*b(o) + 6*k(o). Calculate the remainder when 8 is divided by c(6).
2
Let i(j) = -23*j - 19. Calculate the remainder when i(-11) is divided by 80.
74
Let g = -60 - -93. Let o(i) = -5*i - 11. Let u be o(-4). Suppose 126 = u*x - 2*x. Calculate the remainder when g is divided by